4?
True
Suppose -7*x = -r - 5*x - 17, -2*x = 2. Let u = 43 - r. Is u a multiple of 14?
False
Suppose 3*p + 2*j - 1084 = 0, -2*j + 364 = 42*p - 41*p. Does 8 divide p?
True
Does 33 divide 13 - -83 - (-4)/((-12)/(-9))?
True
Suppose -5*j - 17 - 588 = 0. Let w = 83 + j. Let v = w - -63. Is v a multiple of 5?
True
Let l = 1526 + -648. Does 28 divide l?
False
Let u(w) = -w + 4. Let p be u(0). Suppose p*k + 80 = 6*k. Is 5 a factor of k?
True
Let j(m) = m**2 + 14*m + 5. Let c be j(-13). Is (24/(-9))/(c/12) a multiple of 3?
False
Let o = 86 + -85. Is -3 - -23 - -2*o a multiple of 4?
False
Let b = 1333 + -1265. Is b a multiple of 2?
True
Let q(x) be the third derivative of -7/6*x**3 - x**2 + 0 - 13/24*x**4 + 0*x. Is q(-4) a multiple of 15?
True
Let y be 9 - (0/(-1) + -1). Let f = 7 - y. Let d = f - -9. Is 2 a factor of d?
True
Let z(m) = -2*m**2 - 6*m + 6. Let t(f) = 3*f**2 + 13*f - 12. Let i(b) = -3*t(b) - 5*z(b). Let a be i(9). Suppose a*k - k - 70 = 0. Does 3 divide k?
False
Suppose -4*o + 5*o = 95. Suppose 0 = -5*j + o + 50. Is j a multiple of 10?
False
Suppose 13095 - 75 = 15*z. Does 17 divide z?
False
Let s(b) = -8*b**2 - b - 4. Let j be s(3). Let t = -112 - j. Let v = 59 + t. Does 13 divide v?
True
Let t(a) = 3*a + 0*a - 3*a**3 + 2*a**3 - 6 + 5*a**2. Suppose -213*c - 16 = -217*c. Is 8 a factor of t(c)?
False
Suppose 4*p = -39 - 69. Let y = -59 - p. Let n = 39 + y. Is n a multiple of 2?
False
Suppose 5*i = 10*i + 465. Let o = i - -178. Is o a multiple of 13?
False
Suppose 4*v + 4*k - 3168 = 6*k, -3180 = -4*v - 4*k. Is 10 a factor of v?
False
Let i = 486 + -151. Suppose -3*j = i - 2672. Suppose -c + j = 5*d - 2*c, 4*d - 620 = 4*c. Is 39 a factor of d?
True
Let d = -20 - -861. Is 7 a factor of d?
False
Let i be (-16)/(-12)*(-129)/(-2). Let r = i + -64. Is 11 a factor of r?
True
Let d = 2385 - 2300. Does 5 divide d?
True
Is ((-750)/10)/(3/(-2)) a multiple of 10?
True
Let p(y) = 54*y**3 - 2*y + 4. Is 54 a factor of p(2)?
True
Suppose -8806 = -23*g + 2050. Is 12 a factor of g?
False
Suppose 8120 = -9*s + 27920. Is 40 a factor of s?
True
Let m = -807 + 908. Does 3 divide m?
False
Is ((-1900)/150)/((-2)/264) a multiple of 38?
True
Let a(o) = o**2 + 3*o. Let z be a(5). Suppose -2*c = -4*q - z, -6*q + 2*q - 64 = -4*c. Suppose v - 33 = -3*h, -4*h = -2*v + v + c. Is 24 a factor of v?
True
Suppose -u + 0*v + 922 = -v, -5*v + 928 = u. Does 14 divide u?
False
Is 78 a factor of (-24)/(-324) + 44/54*1723?
True
Suppose 17 - 35 = -2*z. Let f(r) = r**3 - 8*r**2 - r - 4. Is 34 a factor of f(z)?
True
Let n = 45 - -450. Is 15 a factor of n?
True
Let w = 773 + -295. Is w a multiple of 23?
False
Let z = -1421 + 1823. Is z a multiple of 67?
True
Let v(w) = -2*w**2 + 8*w - 10. Let a be v(4). Is 16 a factor of -4 + 13*(-1 - a)?
False
Let p(h) = 13*h - h**2 - h**2 + h**2 - 3. Let d(g) = g**3 + 13*g**2 + 21*g - 6. Let q be d(-11). Is 12 a factor of p(q)?
False
Is 4 a factor of 5/(-15)*15 + 9*3?
False
Let p(a) = -5*a + 3. Let s be p(2). Let j(y) = -y**2 - 7*y - 6. Let r be j(s). Is (-338)/r - 10/(-15) a multiple of 12?
False
Let f be 1/(4 + (-14)/4). Is (-2)/(-4) + 21/f a multiple of 8?
False
Let w = -16 - -18. Let k be (5 - 3)/(w/3). Suppose -100 = -2*z - s, -k*s - 84 = -2*z - 0*z. Is 13 a factor of z?
False
Let x(z) = -z**2 + 23*z - 30. Suppose -3*j + s + 44 = 0, -j + 4*j = -4*s + 19. Does 25 divide x(j)?
True
Suppose 0 = 3*p - 15 - 9. Suppose 0 = p*x - 64 - 128. Is x a multiple of 4?
True
Does 21 divide ((-136)/(-16) - 9) + (-7202)/(-4)?
False
Suppose 2*x = -2*a + 16 + 4, -5*x + 34 = 3*a. Suppose a*i = 5*i + 297. Suppose 2*s - i = -s. Does 11 divide s?
True
Let s = 292 + -124. Suppose 3*k - 7*k = -s. Does 14 divide k?
True
Let x be -24 - (0 - 0)/1. Does 27 divide (-16)/x - 806/(-6)?
True
Suppose -n + 43 + 270 = 0. Is (-24)/(-60) - n/(-5) a multiple of 17?
False
Suppose 7*y - 9*y = -6. Suppose 0 = 6*c - 3*c - y*n - 15, -5 = -c - 2*n. Suppose 3*p - 5*z - 41 = -p, 2*z = c*p - 64. Is p a multiple of 4?
False
Suppose -616 = -4*c + 4*t, -5*t = -2*c - 2*t + 307. Is c a multiple of 31?
True
Let a(v) = -v**2 - 25*v - 20. Does 13 divide a(-17)?
False
Let u = 1009 + -691. Is 53 a factor of u?
True
Let w(m) = m**3 + m**2. Let c(z) = -6*z**2 - z + 1. Let a(r) = 7*r**2 + r - 1. Let g(k) = -4*a(k) - 5*c(k). Let b be g(1). Does 12 divide w(b)?
True
Let z(p) = 7*p + 32. Let a be z(-4). Suppose 0 = 2*q + 4*v - 12, -q + 3*v + 6 = a*v. Does 3 divide q?
True
Suppose 5*n - 9*n - 2800 = 0. Let l = 988 + n. Does 12 divide l?
True
Let l(u) = -6*u + 190. Is l(-16) a multiple of 22?
True
Let v be (6/(-4))/((-6)/232). Suppose -4*b + v = -42. Is b a multiple of 25?
True
Let h(t) = -t + 1. Let a be h(3). Let m(y) = -5*y**3 + 2*y**2 - 3*y - 4. Is m(a) a multiple of 11?
False
Suppose -2*a + s - 2*s + 12 = 0, -5*s = -2*a. Suppose -3*c - 6 = -a*c. Suppose p - 42 = -c*d, -83 = -2*p - 9*d + 4*d. Is 13 a factor of p?
True
Let l = 31 - 25. Suppose 2*x - 4 - l = 0. Suppose 0 = -3*v + 3*t + 87, 2*v = -0*v - x*t + 86. Does 8 divide v?
False
Suppose 3*t + 65 = 5*f - t, -39 = -3*f + 2*t. Let j = f + -13. Let u(y) = -y**2 + y + 10. Does 3 divide u(j)?
False
Let v(p) = 4*p**2 - 20*p + 118. Does 29 divide v(12)?
False
Suppose -1 = 13*v - 14. Is 16 a factor of -9 - -8 - -99*v?
False
Suppose -2*n = -u - 2*u - 2, -3*u - 22 = 2*n. Is 2/n - (-242)/5 a multiple of 16?
True
Let h be 3 - (-9*1 + 3). Let z = -4 + h. Suppose 3*j + 2*a - 58 = j, -z*j + 2*a + 166 = 0. Does 16 divide j?
True
Let p = 852 - 496. Suppose -4*u = 2*n + 3*n - p, -3*u + 268 = 4*n. Is u a multiple of 8?
False
Let k = 1598 + -1119. Does 9 divide k?
False
Is 10 a factor of 176*10 + (-1068)/89?
False
Suppose -5*f = -2*z - 17, 5*f - 3*z - 19 + 6 = 0. Let w be (3/(-2))/(12/(-80)). Suppose 0 = f*s - 4*s - w. Does 7 divide s?
False
Is ((-18)/(-2) - 8) + 327 a multiple of 8?
True
Is (58/(-3))/(3/(-18)) a multiple of 58?
True
Suppose -5*d + 11 = v - 8, 3*v - 27 = -5*d. Suppose -20 = i - 6*i. Is 490/i + 2/v a multiple of 41?
True
Let l be 0 - -2*9/6. Suppose -4*w - 6 = 2. Is 16 a factor of ((-8)/l)/(w/72)?
True
Suppose -16*v + 105542 = 26422. Does 23 divide v?
True
Suppose -80 - 20 = -4*q. Suppose -7*g = -2*g + q. Let a = 26 + g. Is 21 a factor of a?
True
Let k be (-2)/7 + (-12)/(-42). Let p be 5*(k + (-4)/(-10)). Suppose 0 = -p*o + 5*o - 165. Does 19 divide o?
False
Suppose 0 = -2*o + 2*p + p + 239, 2*p - 626 = -5*o. Does 14 divide o?
False
Is 12 a factor of -374*(-95)/20 - 1/2?
True
Suppose -4*q = -28*q + 7440. Is q a multiple of 31?
True
Suppose -4*g - g = -90. Suppose 6*k - 483 = 21. Suppose -2*u + g = -k. Does 17 divide u?
True
Suppose -12*t + t = 5*t. Suppose t = 8*p - 16*p + 1520. Is p a multiple of 22?
False
Suppose -3*h + 3 = -0*f + 2*f, -3*f - 6 = h. Let u(k) = 4*k**2 + 2*k. Let b be u(f). Suppose 0*j = -2*j + 4*p + b, -4*j - 3*p = -27. Is 3 a factor of j?
True
Suppose 0 = -7*j - 89 - 72. Let b = j + 47. Is b a multiple of 8?
True
Suppose -a + 512 = -5*y, -2*a - 7*y + 4*y = -1024. Is a a multiple of 56?
False
Let f be (-2)/(-5) + (-2478)/(-105). Let g = f + -21. Suppose g*d - 7*d + 180 = 0. Does 13 divide d?
False
Let y(d) = -d**2 - 17*d + 17. Suppose -2*f = -9*f + 14. Suppose f*b = -39 + 13. Does 23 divide y(b)?
True
Let t(s) = -s**3 + 5*s**2 - s + 8. Let y be t(5). Suppose l = -4*w + 75 + 1, -5*w - y*l + 102 = 0. Is w a multiple of 6?
True
Let c be (-18 + 1 - 1) + 2. Let o = c - -20. Suppose o*x = 8*x - 84. Does 14 divide x?
False
Let l = -11 + 14. Suppose 2*w + l*w = 2*u - 140, 4*w = u - 73. Is 17 a factor of u?
False
Let o(s) = s**2 + 8*s - 30. Let d be o(-19). Let q = d + 1. Is q a multiple of 30?
True
Is (7 - 19)*(745/(-10) + -1) a multiple of 12?
False
Let y = -5 - -13. Let n(c) = -11 + 5 - 7*c - y*c. Is 6 a factor of n(-2)?
True
Suppose -1703 = -5*p - b, -5*p + b = -1044 - 653. Is 10 a factor of p?
True
Let k be (251/2)/((-1)/(-2)). Suppose 3*l - 156 = 2*b, -4*l = 5*b + 66 - k. Does 24 divide l?
False
Let m(i) = -57*i + 63. Let a(g) = -8*g + 9. Let y(t) = 27*a(t) - 4*m(t). Does 38 divide y(9)?
False
Let q(s) = -265*s**3 - 3*s - 2. Is q(-1) a multiple of 14?
True
Suppose -5*a - 11891 = -4*y, -7*y + 8595 = 2*a - 12268. Does 32 divide y?
False
Let u(y) = -y**3 - 2*y + 31. Suppose -5*l = 3*b + 6, -l + 0 = -b - 2. Does 6 divide u(l)?
False
Is 35 a f